{"id":2,"date":"2017-12-12T12:55:06","date_gmt":"2017-12-12T12:55:06","guid":{"rendered":"http:\/\/ayuntamiento.dev\/transparencia\/?page_id=2"},"modified":"2021-09-17T14:15:09","modified_gmt":"2021-09-17T18:15:09","slug":"inicio","status":"publish","type":"page","link":"https:\/\/ayuntamientoliceyalmedio.gob.do\/transparencia\/","title":{"rendered":"Inicio"},"content":{"rendered":"<p>En este portal interactivo hacemos disponible todo lo requerido en la Ley General de Libre Acceso a la Informaci\u00f3n P\u00fablica Ley 200-04 y el Decreto No. 130-05 que crea el reglamento de la ley.<\/p>\n<p><strong>Art\u00edculo 5.-<\/strong> \u00abSe dispone la informatizaci\u00f3n y la incorporaci\u00f3n al sistema de comunicaci\u00f3n por Internet, o a cualquier otro sistema similar que en el futuro se establezca, de todos los organismos p\u00fablicos centralizados y descentralizados del Estado, incluyendo el Distrito Nacional y los Municipios, con la finalidad de garantizar a trav\u00e9s de \u00e9ste un acceso directo del p\u00fablico a la informaci\u00f3n del Estado.\u00bb<\/p>\n<p>Todos los poderes y organismos del Estado deber\u00e1n instrumentar la publicaci\u00f3n de sus respectivas \u00abP\u00e1ginas Web\u00bb a los siguientes fines:<\/p>\n<blockquote><p>Difusi\u00f3n de Informaci\u00f3n:<br \/>\nEstructura, integrantes, normativas de funcionamiento, proyectos, informes de gesti\u00f3n, base de datos.<\/p>\n<p>Centro de Intercambio y Atenci\u00f3n al Cliente o Usuario:<br \/>\nConsultas, quejas y sugerencias.<\/p>\n<p>Tr\u00e1mites o Transacciones Bilaterales:<br \/>\n\u00abLa informaci\u00f3n a que hace referencia el p\u00e1rrafo anterior ser\u00e1 de libre acceso al p\u00fablico sin necesidad de petici\u00f3n previa\u00bb.<\/p><\/blockquote>\n<p>\u00abNuestro Portal cumple con las especificaciones contempladas en la Ley 200-04, la cual establece la actualizaci\u00f3n permanente de las informaciones ofrecidas en el mismo\u00bb.<\/p>\n<p>Trabajamos de Lunes\u00a0 Viernes de 8:00 am a 2:30 pm<\/p>\n<div id=\"nf-form-2-cont\" class=\"nf-form-cont\" role=\"form\">\n<h3>FORMULARIO DE CONTACTO<\/h3>\n<div class=\"nf-form-wrap ninja-forms-form-wrap\">\n<div class=\"nf-debug-msg\"><\/div>\n<div class=\"nf-before-form\"><\/div>\n<div class=\"nf-form-layout\">\n<div>\n<div class=\"nf-before-form-content\">\n<div class=\"nf-form-fields-required\">Los campos marcados con\u00a0<span class=\"ninja-forms-req-symbol\">*<\/span>\u00a0son obligatorios<\/div>\n<\/div>\n<div class=\"nf-form-content \">\n<div id=\"nf-field-5-container\" class=\"nf-field-container textbox-container  label-above \">\n<div class=\"nf-before-field\"><\/div>\n<div class=\"nf-field\">\n<div id=\"nf-field-5-wrap\" class=\"field-wrap textbox-wrap\">\n<div class=\"nf-field-label\"><label class=\"\" for=\"nf-field-5\">Nombre Completo\u00a0<\/label><\/div>\n<div class=\"nf-field-element\"><\/div>\n<div class=\"nf-field-description\"><\/div>\n<\/div>\n<\/div>\n<div class=\"nf-after-field\">\n<div class=\"nf-input-limit\"><\/div>\n<div id=\"nf-error-5\" class=\"nf-error-wrap nf-error\" role=\"alert\"><\/div>\n<\/div>\n<\/div>\n<div id=\"nf-field-6-container\" class=\"nf-field-container email-container  label-above \">\n<div class=\"nf-before-field\"><\/div>\n<div class=\"nf-field\">\n<div id=\"nf-field-6-wrap\" class=\"field-wrap email-wrap\">\n<div class=\"nf-field-label\"><label class=\"\" for=\"nf-field-6\">Correo Electr\u00f3nico\u00a0<span class=\"ninja-forms-req-symbol\">*<\/span><\/label><\/div>\n<div class=\"nf-field-element\"><\/div>\n<\/div>\n<\/div>\n<div class=\"nf-after-field\">\n<div class=\"nf-input-limit\"><\/div>\n<div id=\"nf-error-6\" class=\"nf-error-wrap nf-error\" role=\"alert\"><\/div>\n<\/div>\n<\/div>\n<div id=\"nf-field-7-container\" class=\"nf-field-container textarea-container  label-above \">\n<div class=\"nf-before-field\"><\/div>\n<div class=\"nf-field\">\n<div id=\"nf-field-7-wrap\" class=\"field-wrap textarea-wrap\">\n<div class=\"nf-field-label\"><label class=\"\" for=\"nf-field-7\">Mensaje\u00a0<span class=\"ninja-forms-req-symbol\">*<\/span><\/label><\/div>\n<div class=\"nf-field-element\"><textarea id=\"nf-field-7\" class=\"ninja-forms-field nf-element\" name=\"nf-field-7\"><\/textarea><\/div>\n<\/div>\n<\/div>\n<div class=\"nf-after-field\">\n<div class=\"nf-input-limit\"><\/div>\n<div id=\"nf-error-7\" class=\"nf-error-wrap nf-error\" role=\"alert\"><\/div>\n<\/div>\n<\/div>\n<div id=\"nf-field-8-container\" class=\"nf-field-container submit-container  label-above  textbox-container\">\n<div class=\"nf-before-field\"><\/div>\n<div class=\"nf-field\">\n<div id=\"nf-field-8-wrap\" class=\"field-wrap submit-wrap textbox-wrap\">\n<div class=\"nf-field-label\"><\/div>\n<div class=\"nf-field-element\"><\/div>\n<\/div>\n<\/div>\n<\/div>\n<\/div>\n<\/div>\n<\/div>\n<\/div>\n<\/div>\n","protected":false},"excerpt":{"rendered":"En este portal interactivo hacemos disponible todo lo requerido en la Ley General de Libre Acceso a la Informaci\u00f3n P\u00fablica Ley 200-04 y el Decreto No. 130-05 que crea el reglamento de la ley. Art\u00edculo 5.- \u00abSe dispone la informatizaci\u00f3n y la incorporaci\u00f3n al sistema de comunicaci\u00f3n por Internet, o a cualquier otro sistema similar&#8230;","protected":false},"author":4,"featured_media":0,"parent":0,"menu_order":0,"comment_status":"closed","ping_status":"open","template":"template-home.php","meta":[],"acf":[],"_links":{"self":[{"href":"https:\/\/ayuntamientoliceyalmedio.gob.do\/transparencia\/wp-json\/wp\/v2\/pages\/2"}],"collection":[{"href":"https:\/\/ayuntamientoliceyalmedio.gob.do\/transparencia\/wp-json\/wp\/v2\/pages"}],"about":[{"href":"https:\/\/ayuntamientoliceyalmedio.gob.do\/transparencia\/wp-json\/wp\/v2\/types\/page"}],"author":[{"embeddable":true,"href":"https:\/\/ayuntamientoliceyalmedio.gob.do\/transparencia\/wp-json\/wp\/v2\/users\/4"}],"replies":[{"embeddable":true,"href":"https:\/\/ayuntamientoliceyalmedio.gob.do\/transparencia\/wp-json\/wp\/v2\/comments?post=2"}],"version-history":[{"count":7,"href":"https:\/\/ayuntamientoliceyalmedio.gob.do\/transparencia\/wp-json\/wp\/v2\/pages\/2\/revisions"}],"predecessor-version":[{"id":2637,"href":"https:\/\/ayuntamientoliceyalmedio.gob.do\/transparencia\/wp-json\/wp\/v2\/pages\/2\/revisions\/2637"}],"wp:attachment":[{"href":"https:\/\/ayuntamientoliceyalmedio.gob.do\/transparencia\/wp-json\/wp\/v2\/media?parent=2"}],"curies":[{"name":"wp","href":"https:\/\/api.w.org\/{rel}","templated":true}]}}